ctor of k?
False
Suppose 0*h + 4*k = -h + 32, 5*k = h - 5. Is 6 a factor of h?
False
Suppose -5*l = 0, l - 2 = 2*s + 2. Let i = 3 - s. Does 2 divide i?
False
Suppose -4*c + 96 = -c. Is c a multiple of 16?
True
Let a be ((-342)/6)/((-6)/8). Suppose -a = -3*g - g. Is g a multiple of 17?
False
Suppose -381 = -2*r - 127. Let o(g) = g**3 - 6*g**2 + 5*g + 7. Let v be o(6). Suppose 0 = -4*p + r + v. Does 27 divide p?
False
Let l(m) = 3*m**2 - 2*m + 7. Does 20 divide l(-3)?
True
Let a = -49 - -110. Let x = -31 + a. Does 10 divide x?
True
Suppose -u + 20 = -2*q, -5 - 42 = -4*u - 3*q. Let v = -6 + u. Does 8 divide v?
True
Suppose 2*z + 3*c = 5*z - 93, z + 2*c = 19. Is z a multiple of 13?
False
Let t be 8/5 + 4/10. Suppose 0 = -5*i - 5*c + 70, -7*i = -3*i - t*c - 86. Is 7 a factor of i?
False
Suppose -5*c + 3*s = -20, s + 2 = 7. Let a(o) = 10*o + 3 + 0*o**3 + 0*o**2 + 6*o**2 - o**3. Is 12 a factor of a(c)?
True
Let r = -141 - -202. Is 11 a factor of r?
False
Suppose 15 = -2*a + 3*h, 0 = -a + 2*h - 11 + 3. Is 3 + 4 + a/(-3) a multiple of 9?
True
Suppose -16*i - 50 = -21*i. Does 6 divide i?
False
Suppose 0*w + 103 = -3*w + 4*v, -2*v = -8. Let s = 41 + w. Does 6 divide s?
True
Let p = 4 - -12. Is p a multiple of 9?
False
Let k = 22 - 10. Let b(n) = 3*n - 17. Is 14 a factor of b(k)?
False
Suppose -5*l - m + 120 = -423, 420 = 4*l - 4*m. Is 18 a factor of l?
True
Let x(o) = o**3 + 3*o**2 - 3*o. Does 3 divide x(-3)?
True
Suppose -r + 4 = -2*i, -r - r - 5*i - 10 = 0. Suppose 4*o + 39 = 5*q, q + o - 6 = -r. Is q a multiple of 3?
False
Let z be ((-48)/30)/(2/(-5)). Is 90/(-12)*z/(-6) a multiple of 5?
True
Suppose -8*p + 50 + 6 = 0. Is p a multiple of 7?
True
Let a(t) = -t + 25. Is a(-4) a multiple of 7?
False
Let q = 125 - 26. Is q a multiple of 23?
False
Let g(w) = w**2 - 2*w - 5. Is 20 a factor of g(-6)?
False
Let l be 2/(-8) - (-1)/4. Let y be l/((-1 - -3) + -1). Let g(z) = z + 13. Is 13 a factor of g(y)?
True
Let u(g) = 2 + 2 - 3*g - 4. Let y be u(2). Does 6 divide y/(-10) - 235/(-25)?
False
Suppose -5*z = 0, 0*z = 5*j - z - 240. Is j a multiple of 11?
False
Suppose -8*w - 64 = -10*w. Is 6 a factor of w?
False
Let w = 7 + -7. Let u = w + 4. Is u a multiple of 2?
True
Let u(h) = h**2 + 3*h - 7. Let l be u(-5). Suppose 7*y = l*y - 24. Is 14 a factor of 1/3 + (-250)/y?
True
Let m be 12/8 - (-2)/4. Suppose -3 - 7 = -m*g. Is g even?
False
Suppose 5*h - 3*t = h + 5, 5*h - 6 = 4*t. Suppose 5*l - s - 15 = 0, 2*l - l - 14 = -h*s. Is 2 a factor of l?
True
Suppose -284 + 119 = -3*j. Is j a multiple of 15?
False
Suppose 41 = 3*k - 10*q + 5*q, 0 = 3*k + 4*q - 5. Does 7 divide k?
True
Suppose 0 = n + 3*n - 48. Is n a multiple of 4?
True
Let s(t) = -51*t - 36. Does 45 divide s(-6)?
True
Let r be -2 + (-4)/6*-3. Suppose -b + 9 = 3*j - r, 2*j - 17 = 3*b. Is 4 a factor of j?
True
Suppose -3*k + 3*p + 129 = 0, -k + 157 = 3*k + p. Let j = k + -27. Does 13 divide j?
True
Suppose 117 = 6*i - 33. Does 25 divide i?
True
Suppose 4*s - 9 = 3*s. Is 3 a factor of s?
True
Let m(u) = u**3 - 8*u**2 - 5*u + 11. Is 13 a factor of m(9)?
False
Does 4 divide ((-2)/4)/((-6)/168)?
False
Let k(v) = 41*v**2 + 6*v - 8. Does 21 divide k(2)?
True
Let m(z) = -10*z + 3. Is 12 a factor of m(-2)?
False
Suppose 4*l = -4*j + 136, j + 2*j = -l + 96. Suppose j = 2*c - 11. Does 11 divide (5 + -4)*(c + 1)?
True
Let y(j) = j**3 - j**2 + j + 3. Let o = 4 + -2. Suppose 0 = -o*c - b + 3, -5*c = -2*c - b + 3. Is y(c) a multiple of 2?
False
Suppose -d - 3 + 5 = 0. Suppose 0 = d*t - 3*x - 21, -2*x - 17 - 1 = -2*t. Is t a multiple of 3?
True
Let t(j) = -j - 3. Suppose v + b + 10 = -0*b, -4 = 4*v - 5*b. Let w be t(v). Suppose w*p - 72 = -18. Is 18 a factor of p?
True
Let b = -3 - -5. Suppose -5*f + 128 = b*z, 4*f - 152 + 50 = -2*z. Is f a multiple of 14?
False
Let h(v) = 5*v**2 + 2*v - 1. Let u be h(1). Suppose 2*l = -4*r - u, 3*l = 4*r + 42 - 1. Is l even?
False
Suppose 3 - 4 = s. Let p be 12*(s + (-12)/(-9)). Suppose -q = f - 4*q + 7, -p*f + 3*q = -17. Does 6 divide f?
False
Let a = -8 - -8. Suppose -4*g + 7 + 49 = a. Is 4 a factor of g?
False
Let t(f) be the first derivative of f**2/2 + 15*f + 2. Let s be t(-8). Does 7 divide s/(0 - (-1)/1)?
True
Suppose 1 = -j - z, -3*z = -3*j + 4*j + 7. Let o(b) = 3*b**3 - b**2 + b - 1. Let m be o(1). Suppose 3*k + 4*q - 56 = 0, 40 = m*k - 0*q + j*q. Does 16 divide k?
False
Suppose l = -0*l + 68. Suppose -l = -5*q + q. Is q a multiple of 6?
False
Let c be (0 + -1)*(-1)/1. Is 23 a factor of (-91)/(-4) - c/(-4)?
True
Let b(q) = -q**3 - 3*q**2 - 2*q - 2. Let j be b(-2). Is 39/j*16/(-6) a multiple of 13?
True
Let k = 2 - -1. Suppose -k*i + 0*q + 65 = q, 0 = 5*q + 20. Does 10 divide i?
False
Let z(v) = -v**3 + 8*v**2 - 7*v + 3. Let y be (4/(-6))/(4/(-30)). Does 11 divide z(y)?
False
Suppose 4*v - 8 + 0 = 0. Is 2 a factor of v?
True
Let n = 60 + -8. Is n a multiple of 26?
True
Suppose 5*n + 5*l - 15 = 0, 10 = 4*n - 0*l + 3*l. Let s(f) = 0*f + 2*f**2 + 0 - n + 0 - f. Is s(-3) a multiple of 10?
True
Let o(x) = x**3 + 6*x**2 + 4*x + 6. Let v be o(-6). Suppose -4*m + 138 = -0*m - 3*k, -5*m + 167 = -k. Let l = m + v. Does 13 divide l?
False
Let p be ((-6)/(-3))/1 + -1. Does 10 divide (4 + -3)*p*10?
True
Let q = -19 + 29. Does 3 divide q?
False
Suppose -10 = k + 3*v + v, 2*v = -6. Suppose 4*f + 126 = k*h, h - f = -3*f + 51. Let t = h + -33. Is t a multiple of 10?
False
Let f = -1 + 0. Let p be (12/((-3)/1))/f. Suppose 0 = -p*g + 40 - 8. Is g a multiple of 3?
False
Let g(c) = -c**2 - 15*c - 10. Is 8 a factor of g(-10)?
True
Suppose -7*i + 3*i + 28 = 0. Suppose -2*j + 16 = 4*k, 2*j + 3*k + 27 = i*j. Is j a multiple of 4?
False
Does 10 divide 2898/54 - 2/3?
False
Let m be ((-72)/42)/(2/(-7)). Let a(h) = -h**2 + 10*h - 5. Does 19 divide a(m)?
True
Is 2/(-11) + 9225/99 a multiple of 31?
True
Suppose -6 = 3*i - 15. Let l = i + 0. Suppose 3*k - 4*n = 156 - 40, 2*k - 83 = -l*n. Is k a multiple of 17?
False
Let r = -245 - -353. Is r a multiple of 20?
False
Let v = 270 - 18. Is 31 a factor of v?
False
Let v = -7 - 2. Is 2/6 + (-132)/v a multiple of 15?
True
Suppose 2*k = -2*k - 8. Let d be (-18)/14 - k/7. Is 8 a factor of (-4)/d*(0 + 4)?
True
Suppose -5*l - o = 2*o - 207, 3*l - 5*o - 97 = 0. Let f = l - 9. Is f a multiple of 10?
True
Suppose 0 = -2*t + 2*a + 12, -3*a + 24 = t + 2*a. Suppose -90 = 4*v - t*v. Is v a multiple of 9?
True
Let j(m) = 24*m**3 + 2*m**2 - 3*m + 1. Does 4 divide j(1)?
True
Suppose -13 = -2*v - 2*z + 79, z - 136 = -3*v. Is v a multiple of 3?
True
Suppose -4*m + 5*q - 100 = -3*m, -2*m + 2*q = 160. Let n = 32 - m. Suppose 5*z = -0*z - 2*c + n, -2*z + 38 = -4*c. Is z a multiple of 8?
False
Suppose -3*m + 207 = -u + 2*u, 4*m - 276 = 4*u. Is 15 a factor of m?
False
Is 16 a factor of ((-72)/108)/((-2)/762*2)?
False
Let s(y) = -y - 4. Let x be s(0). Let q be (-3)/6 - (-2)/x. Is 18 a factor of 17 + q/(-2)*2?
True
Let u = -6 - 61. Let m = -46 - u. Is 18 a factor of m?
False
Suppose 3*u - 15 = 0, 4*i - 145 = u + 2*u. Is 14 a factor of 1 + 1 + (i - -2)?
False
Suppose h = 5*z + 225, -5*h + 1153 = 2*z + z. Does 46 divide h?
True
Let o(q) = 4*q + 5. Let r(f) = -f**2 + 6*f + 6. Let z be r(6). Is 17 a factor of o(z)?
False
Let b be 63/(-12) - (-9)/(-12). Does 2 divide b/(-8) - (-5)/4?
True
Does 15 divide 25/(-2)*(-48)/40?
True
Suppose 10 = -5*v + 3*v. Let t(u) = -u**2 - 1 + 8 + 4*u - 3*u**2 - u**3. Is t(v) a multiple of 11?
False
Let i = 49 + -7. Is 20 a factor of i?
False
Suppose -14 = -4*f + 3*f. Is f a multiple of 2?
True
Let n(x) be the first derivative of -x**4/4 - 11*x**3/3 + 5*x**2 - 2*x + 5. Is 5 a factor of n(-12)?
False
Suppose 2*s = 5*c + 8, 3*s = 5*s + c - 8. Is 78/s*8/6 a multiple of 12?
False
Suppose -q - 4*m - 16 = -4, 2*m + 6 = -5*q. Suppose 5*o - 3*j + 7 = 41, q = -4*o + j + 23. Suppose -6 = -w + 2*f, 5*w - 60 - o = 3*f. Does 11 divide w?
False
Let w = 81 + -29. Is w a multiple of 10?
False
Let r = 1 + 147. Does 7 divide r?
False
Let t be -64*((-5)/2)/(-5). Let m = t - 6. Let r = 55 + m. Is r a multiple of 13?
False
Let v(c) be the third derivative of c**4/8 - 2*c**3 + 4*c**2. Is 12 a factor of v(8)?
True
Suppose 4*q - 32 = 96. Does 8 divide q?
True
Let u(t) = 19*t**3 + t - 1. Let r be u(1). Suppose -r = -4*q + 221. Is 16 a factor of q?
False
Suppose 49 = 4*k - 3. Is k a mult